{"id":509,"date":"2019-10-17T18:26:12","date_gmt":"2019-10-17T18:26:12","guid":{"rendered":"https:\/\/granadaopen.es\/?post_type=product&#038;p=509"},"modified":"2019-10-22T17:48:30","modified_gmt":"2019-10-22T17:48:30","slug":"excursion-a-rute","status":"publish","type":"product","link":"https:\/\/granadaopen.es\/?product=excursion-a-rute","title":{"rendered":"EXCURSI\u00d3N A RUTE"},"content":{"rendered":"<h1 style=\"text-align: center;\">EXCURSI\u00d3N A RUTE DESDE GRANADA<\/h1>\n<h2 style=\"text-align: center;\">7 de Diciembre<\/h2>\n<p>&nbsp;<\/p>\n<h4 style=\"text-align: center;\">En cualquier \u00e9poca del a\u00f1o,\u00a0Rute\u00a0es un destino fant\u00e1stico para los amantes de la\u00a0gastronom\u00eda, la\u00a0cultura, la\u00a0naturaleza\u00a0y el\u00a0deporte. Pero cuando es\u00a0Navidad en Rute, donde nace la Navidad, esta localidad se convierte en una\u00a0visita obligada\u00a0para el disfrute de grandes y peque\u00f1os.<\/h4>\n<p>&nbsp;<\/p>\n<h4 style=\"text-align: center;\">Salida s\u00e1bado 7 de diciembre ala 7:45h desde el punto de origen destino Rute. Breve parada en camino para desayunar y continuaci\u00f3n a nuestro destino.<\/h4>\n<h4 style=\"text-align: center;\">Por la ma\u00f1ana visitaremos con nuestra gu\u00eda acompa\u00f1ante el museo del an\u00eds con degustaci\u00f3n y visita guiada y seguidamente visitaremos el Museo Chacina.\u00a0 Y opcionalmente visita por los alrededores y o\u00a0 Museo del az\u00facar. Para finalizar la ma\u00f1ana, nos dirigiremos a nuestro restaurante \u00abEl Mirador de Rute\u00bb para almorzar sobre las 14:30h.<\/h4>\n<h4 style=\"text-align: center;\">Tras el almuerzo visitaremos uno de los museos m\u00e1s visitados de Rute, el Bel\u00e9n de Chocolate. Una vez finalizada esta visita tiempo para comprar productos t\u00edpicos de la navidad, seguidamente realizaremos la visita al Museo del turr\u00f3n y opcionalmente se ofrecer\u00e1 la visita del museo del hielo. Una vez finalizadas ambas visitas tiempo libre para hacer algunas compras y regreso para nuestros destinos.<\/h4>\n<p>&nbsp;<\/p>\n<h4 style=\"text-align: center;\">En el precio se incluye:<\/h4>\n<h4 style=\"text-align: center;\">Entrada museo del An\u00eds<\/h4>\n<h4 style=\"text-align: center;\">Entrada Bel\u00e9n de Chocolate<\/h4>\n<h4 style=\"text-align: center;\">Entrada museo del Turr\u00f3n<\/h4>\n<h4 style=\"text-align: center;\">Almuerzo en restaurante<\/h4>\n<h4 style=\"text-align: center;\">Gu\u00eda acompa\u00f1ante<\/h4>\n<h4 style=\"text-align: center;\">Autob\u00fas todo el recorrido<\/h4>\n<h4 style=\"text-align: center;\">Seguro del viaje<\/h4>\n<h4 style=\"text-align: center;\">35\u20ac<\/h4>\n<p>&nbsp;<\/p>\n<h4 style=\"text-align: center;\">PUNTOS DE SALIDAS:<\/h4>\n<h4 style=\"text-align: center;\">Jayena, parada frente al cuartel 07:45h<\/h4>\n<h4 style=\"text-align: center;\">Fornes, parada de la piscina 07:50h<\/h4>\n<h4 style=\"text-align: center;\">Granada, parada Fosterhollywood 08:30h<\/h4>\n<p>&nbsp;<\/p>\n<p>&nbsp;<\/p>\n<p style=\"text-align: center;\">*VIAJE EN FORMACI\u00d3N, M\u00cdNIMO 30 PERSONAS PARA GARANTIZAR LA SALIDA<\/p>\n<p>&nbsp;<\/p>\n<h4 style=\"text-align: center;\">INFORMACI\u00d3N Y RESERVAS CONTACTA EN EL 617696362<\/h4>\n<p>&nbsp;<\/p>\n<p>&nbsp;<\/p>\n","protected":false},"excerpt":{"rendered":"<p>EXCURSI\u00d3N A RUTE DESDE GRANADA 7 de Diciembre &nbsp; En cualquier \u00e9poca del a\u00f1o,\u00a0Rute\u00a0es un destino fant\u00e1stico para los amantes de la\u00a0gastronom\u00eda, la\u00a0cultura, la\u00a0naturaleza\u00a0y el\u00a0deporte. Pero cuando es\u00a0Navidad en Rute, donde nace la Navidad, esta localidad se convierte en una\u00a0visita obligada\u00a0para el disfrute de grandes y peque\u00f1os. &nbsp; Salida s\u00e1bado 7 de diciembre ala 7:45h&hellip; <br \/> <a class=\"read-more\" href=\"https:\/\/granadaopen.es\/?product=excursion-a-rute\">Leer m\u00e1s<\/a><\/p>\n","protected":false},"featured_media":513,"comment_status":"open","ping_status":"closed","template":"","meta":[],"product_brand":[],"product_cat":[111],"product_tag":[108,24,109,26,66,106,110,107,105,18,103,104,28,61],"class_list":{"0":"post-509","1":"product","2":"type-product","3":"status-publish","4":"has-post-thumbnail","6":"product_cat-excursiones-de-1-dia","7":"product_tag-almuerzo","8":"product_tag-autobus","9":"product_tag-cordoba","10":"product_tag-excursiones","11":"product_tag-guiacompanante","12":"product_tag-museos","13":"product_tag-navidad","14":"product_tag-productostipicos","15":"product_tag-rute","16":"product_tag-salidas","17":"product_tag-viajes","18":"product_tag-viajes1dia","19":"product_tag-visitasculturales","20":"product_tag-visitasguiadas","22":"first","23":"instock","24":"shipping-taxable","25":"purchasable","26":"product-type-variable"},"_links":{"self":[{"href":"https:\/\/granadaopen.es\/index.php?rest_route=\/wp\/v2\/product\/509","targetHints":{"allow":["GET"]}}],"collection":[{"href":"https:\/\/granadaopen.es\/index.php?rest_route=\/wp\/v2\/product"}],"about":[{"href":"https:\/\/granadaopen.es\/index.php?rest_route=\/wp\/v2\/types\/product"}],"replies":[{"embeddable":true,"href":"https:\/\/granadaopen.es\/index.php?rest_route=%2Fwp%2Fv2%2Fcomments&post=509"}],"wp:featuredmedia":[{"embeddable":true,"href":"https:\/\/granadaopen.es\/index.php?rest_route=\/wp\/v2\/media\/513"}],"wp:attachment":[{"href":"https:\/\/granadaopen.es\/index.php?rest_route=%2Fwp%2Fv2%2Fmedia&parent=509"}],"wp:term":[{"taxonomy":"product_brand","embeddable":true,"href":"https:\/\/granadaopen.es\/index.php?rest_route=%2Fwp%2Fv2%2Fproduct_brand&post=509"},{"taxonomy":"product_cat","embeddable":true,"href":"https:\/\/granadaopen.es\/index.php?rest_route=%2Fwp%2Fv2%2Fproduct_cat&post=509"},{"taxonomy":"product_tag","embeddable":true,"href":"https:\/\/granadaopen.es\/index.php?rest_route=%2Fwp%2Fv2%2Fproduct_tag&post=509"}],"curies":[{"name":"wp","href":"https:\/\/api.w.org\/{rel}","templated":true}]}}