{"id":658,"date":"2019-10-30T18:35:32","date_gmt":"2019-10-30T18:35:32","guid":{"rendered":"https:\/\/granadaopen.es\/?page_id=658"},"modified":"2019-10-30T18:37:03","modified_gmt":"2019-10-30T18:37:03","slug":"costa-da-morte-rias-altas","status":"publish","type":"page","link":"https:\/\/granadaopen.es\/?page_id=658","title":{"rendered":"COSTA DA MORTE, R\u00cdAS ALTAS"},"content":{"rendered":"\t\t<div data-elementor-type=\"wp-post\" data-elementor-id=\"658\" class=\"elementor elementor-658\">\n\t\t\t\t\t\t<section class=\"elementor-section elementor-top-section elementor-element elementor-element-6de2e23 elementor-section-boxed elementor-section-height-default elementor-section-height-default\" data-id=\"6de2e23\" data-element_type=\"section\">\n\t\t\t\t\t\t<div class=\"elementor-container elementor-column-gap-default\">\n\t\t\t\t\t<div class=\"elementor-column elementor-col-100 elementor-top-column elementor-element elementor-element-25af4f0\" data-id=\"25af4f0\" data-element_type=\"column\">\n\t\t\t<div class=\"elementor-widget-wrap elementor-element-populated\">\n\t\t\t\t\t\t<div class=\"elementor-element elementor-element-e8aa774 elementor-widget elementor-widget-image\" data-id=\"e8aa774\" data-element_type=\"widget\" data-widget_type=\"image.default\">\n\t\t\t\t<div class=\"elementor-widget-container\">\n\t\t\t\t\t\t\t\t\t\t\t\t\t\t\t<img fetchpriority=\"high\" decoding=\"async\" width=\"1024\" height=\"289\" src=\"https:\/\/granadaopen.es\/wp-content\/uploads\/2019\/10\/COSTA-DA-MORTE-1024x289.jpg\" class=\"attachment-large size-large wp-image-661\" alt=\"\" srcset=\"https:\/\/granadaopen.es\/wp-content\/uploads\/2019\/10\/COSTA-DA-MORTE-1024x289.jpg 1024w, https:\/\/granadaopen.es\/wp-content\/uploads\/2019\/10\/COSTA-DA-MORTE-300x85.jpg 300w, https:\/\/granadaopen.es\/wp-content\/uploads\/2019\/10\/COSTA-DA-MORTE-768x217.jpg 768w, https:\/\/granadaopen.es\/wp-content\/uploads\/2019\/10\/COSTA-DA-MORTE-600x169.jpg 600w, https:\/\/granadaopen.es\/wp-content\/uploads\/2019\/10\/COSTA-DA-MORTE.jpg 1170w\" sizes=\"(max-width: 1024px) 100vw, 1024px\" \/>\t\t\t\t\t\t\t\t\t\t\t\t\t\t\t<\/div>\n\t\t\t\t<\/div>\n\t\t\t\t\t<\/div>\n\t\t<\/div>\n\t\t\t\t\t<\/div>\n\t\t<\/section>\n\t\t\t\t<section class=\"elementor-section elementor-top-section elementor-element elementor-element-693560e elementor-section-boxed elementor-section-height-default elementor-section-height-default\" data-id=\"693560e\" data-element_type=\"section\">\n\t\t\t\t\t\t<div class=\"elementor-container elementor-column-gap-default\">\n\t\t\t\t\t<div class=\"elementor-column elementor-col-100 elementor-top-column elementor-element elementor-element-875b91b\" data-id=\"875b91b\" data-element_type=\"column\">\n\t\t\t<div class=\"elementor-widget-wrap elementor-element-populated\">\n\t\t\t\t\t\t<div class=\"elementor-element elementor-element-1db277e elementor-widget elementor-widget-text-editor\" data-id=\"1db277e\" data-element_type=\"widget\" data-widget_type=\"text-editor.default\">\n\t\t\t\t<div class=\"elementor-widget-container\">\n\t\t\t\t\t\t\t\t\t<div class=\"span12\"><h2 style=\"text-align: center;\">El precio incluye<\/h2><h6 style=\"text-align: center;\">TRANSPORTE en AUTOB\u00daS HOMOLOGADO TODO el CIRCUITODESDE GRANADA<\/h6><h6 style=\"text-align: center;\">ALOJAMIENTO en hoteles de 3 estrellas (5 noches en Galicia)<\/h6><h6 style=\"text-align: center;\">PENSI\u00d3N COMPLETA (agua y vino) con UN ALMUERZO en RESTAURANTE<\/h6><h6 style=\"text-align: center;\">GU\u00cdA ACOMPA\u00d1ANTE + GU\u00cdA LOCAL en Santiago de Compostela<\/h6><h6 style=\"text-align: center;\">SEGURO DE VIAJE y ANULACI\u00d3N<\/h6><\/div><p>\u00a0<\/p><p>\u00a0<\/p><div class=\"span12\"><h2 style=\"text-align: center;\">El viaje<\/h2><h4 style=\"text-align: center;\">D\u00eda 1: Ciudad de origen &#8211; Madrid &#8211; Galicia<\/h4><p style=\"text-align: center;\">Salida a la hora indicada desde la terminal. Breves paradas en ruta. ALMUERZO por cuenta del cliente. Llegada al hotel. CENA Y ALOJAMIENTO.<\/p><h4 style=\"text-align: center;\">D\u00eda 2: Carnota &#8211; Muros &#8211; \u00c9zaro &#8211; Finisterre<\/h4><p style=\"text-align: center;\">DESAYUNO. Excursi\u00f3n INCLUIDA al Mirador de Paxareiras, breve parada para contemplar una impresionante vista a la playa de Carnota y al Monte Pindo. Continuaci\u00f3n a Carnota para ver el mayor h\u00f3rreo de Galicia. Final en Muros, recorriendo su casco antiguo donde destacan las t\u00edpicas construcciones marineras y sus soportales. Regreso al hotel. ALMUERZO. Excursi\u00f3n INCLUIDA a \u00c9zaro donde podremos contemplar un espect\u00e1culo \u00fanico, el r\u00edo Xallas desembocando en cascada sobre el mar. A continuaci\u00f3n Finisterre, con su m\u00edtico faro, los acantilados y el mar que inundar\u00e1n nuestra vista. Regreso al hotel. CENA Y ALOJAMIENTO.<\/p><h4 style=\"text-align: center;\">D\u00eda 3: Mux\u00eda &#8211; Santuario de la Virgen de la Barca &#8211; Vimianzo &#8211; La Coru\u00f1a<\/h4><p style=\"text-align: center;\">DESAYUNO. Excursi\u00f3n INCLUIDA a Mux\u00eda, precioso pueblo conocido por la tragedia del petrolero \u201dPrestige\u201d. Continuaci\u00f3n al santuario barroco de \u201dla Virgen de la Barca\u201d, situado en un entorno envidiable, junto al mar. Seguimos a Vimianzo, donde destaca el Castillo de Vimianzo, uno de los mejor conservados de Galicia. Regreso al hotel. ALMUERZO. Excursi\u00f3n INCLUIDA a La Coru\u00f1a donde disfrutaremos de la Torre de H\u00e9rcules, el faro activo m\u00e1s antiguo del mundo. En la Ciudad Vieja entre r\u00faas de nombres de antiguos gremios, Plazas y Plazuelas destacamos la Casa Museo de Mar\u00eda Pita y de la escritora Emilia Pardo Baz\u00e1n. Regreso al hotel. CENA Y ALOJAMIENTO.<\/p><h4 style=\"text-align: center;\">D\u00eda 4: Lugo &#8211; Betanzos<\/h4><p style=\"text-align: center;\">DESAYUNO. Excursi\u00f3n INCLUIDA a Lugo, la capital m\u00e1s antigua de Galicia. Una ciudad con un espl\u00e9ndido pasado romano como se puede ver en la Muralla que la rodea que es Patrimonio de la Humanidad, en las Termas o el Puente Romano. Tambi\u00e9n hay que destacar la Catedral que sigue siendo un importante centro de peregrinaci\u00f3n, al conservar el privilegio de exponer al p\u00fablico una hostia consagrada las 24 horas del d\u00eda, la fachada del Ayuntamiento, el Museo Provincial, las iglesias barrocas de San Pedro y Santo Domingo, as\u00ed como el Parque de Rosal\u00eda de Castro. ALMUERZO EN RESTAURANTE. Excursi\u00f3n INCLUIDA a Betanzos, ubicada en la r\u00eda que lleva su nombre. Esta villa es una soberbia muestra de arquitectura medieval con sus casas blasonadas y su barrio marinero, lo m\u00e1s interesante sean sus plazas la de A Constituci\u00f3n y la de Fern\u00e1n P\u00e9rez de Andrade. Regreso al hotel. CENA Y ALOJAMIENTO. Para los clientes que lo deseen de forma opcional se ofrecer\u00e1 CENA con MARISCADA.<\/p><h4 style=\"text-align: center;\">D\u00eda 5: Santiago de Compostela &#8211; Pazo de Oca<\/h4><p style=\"text-align: center;\">DESAYUNO. Excursi\u00f3n INCLUIDA con GU\u00cdA LOCAL a Santiago de Compostela, capital de Galicia y declarada por la Unesco Ciudad Patrimonio de la Humanidad. Comenzamos con su emblem\u00e1tica Catedral, P\u00f3rtico de la Gloria, tumba de Santiago Ap\u00f3stol d\u00e1ndole el caracter\u00edstico abrazo al Ap\u00f3stol. Los estilos rom\u00e1nico, g\u00f3tico y barroco se mezclan en perfecta armon\u00eda en lugares tan emblem\u00e1ticos como las plazas del Obradoiro, Plater\u00edas, Quintana y Abastos, el Hostal de los Reyes Cat\u00f3licos, el Palacio de Rajoy, el colegio de San Jer\u00f3nimo, el monasterio de San Mart\u00edn Pinario o el convento de San Francisco. Regreso al hotel. ALMUERZO. Excursi\u00f3n INCLUIDA al Pazo de Oca (entrada no incluida), un pazo se\u00f1orial de estilo barroco perteneciente a los Duques de Medinaceli que est\u00e1 declarado Bien de Inter\u00e9s Cultural del Patrimonio espa\u00f1ol. Tambi\u00e9n conocido como \u00abEl Generalife del norte\u00bb o el \u00abVersalles gallego\u00bb debido a la belleza de sus jardines. Regreso al hotel. CENA Y ALOJAMIENTO. Fiesta con QUEIMADA y baile.<\/p><h4 style=\"text-align: center;\">D\u00eda 6: Galicia &#8211; Madrid &#8211; Ciudad de origen<\/h4><p style=\"text-align: center;\">DESAYUNO. Salida a primeras horas con direcci\u00f3n a la ciudad de origen. Breves paradas en ruta. ALMUERZO por cuenta del cliente. Llegada. FIN DEL VIAJE.<\/p><h5><strong>Consultar precio en el tel\u00e9fono \/ whatsapp 617696362 GRANADAOPEN<\/strong><\/h5><\/div>\t\t\t\t\t\t\t\t<\/div>\n\t\t\t\t<\/div>\n\t\t\t\t\t<\/div>\n\t\t<\/div>\n\t\t\t\t\t<\/div>\n\t\t<\/section>\n\t\t\t\t<\/div>\n\t\t","protected":false},"excerpt":{"rendered":"<p>El precio incluye TRANSPORTE en AUTOB\u00daS HOMOLOGADO TODO el CIRCUITODESDE GRANADA ALOJAMIENTO en hoteles de 3 estrellas (5 noches en Galicia) PENSI\u00d3N COMPLETA (agua y vino) con UN ALMUERZO en RESTAURANTE GU\u00cdA ACOMPA\u00d1ANTE + GU\u00cdA LOCAL en Santiago de Compostela SEGURO DE VIAJE y ANULACI\u00d3N \u00a0 \u00a0 El viaje D\u00eda 1: Ciudad de origen &#8211;&hellip; <br \/> <a class=\"read-more\" href=\"https:\/\/granadaopen.es\/?page_id=658\">Leer m\u00e1s<\/a><\/p>\n","protected":false},"author":2,"featured_media":0,"parent":0,"menu_order":0,"comment_status":"closed","ping_status":"closed","template":"","meta":{"footnotes":""},"class_list":["post-658","page","type-page","status-publish","hentry"],"_links":{"self":[{"href":"https:\/\/granadaopen.es\/index.php?rest_route=\/wp\/v2\/pages\/658","targetHints":{"allow":["GET"]}}],"collection":[{"href":"https:\/\/granadaopen.es\/index.php?rest_route=\/wp\/v2\/pages"}],"about":[{"href":"https:\/\/granadaopen.es\/index.php?rest_route=\/wp\/v2\/types\/page"}],"author":[{"embeddable":true,"href":"https:\/\/granadaopen.es\/index.php?rest_route=\/wp\/v2\/users\/2"}],"replies":[{"embeddable":true,"href":"https:\/\/granadaopen.es\/index.php?rest_route=%2Fwp%2Fv2%2Fcomments&post=658"}],"version-history":[{"count":3,"href":"https:\/\/granadaopen.es\/index.php?rest_route=\/wp\/v2\/pages\/658\/revisions"}],"predecessor-version":[{"id":664,"href":"https:\/\/granadaopen.es\/index.php?rest_route=\/wp\/v2\/pages\/658\/revisions\/664"}],"wp:attachment":[{"href":"https:\/\/granadaopen.es\/index.php?rest_route=%2Fwp%2Fv2%2Fmedia&parent=658"}],"curies":[{"name":"wp","href":"https:\/\/api.w.org\/{rel}","templated":true}]}}